se
Let n(u) = 12*u**2 + 2*u. Let s be n(2). Let i = s - -18. Is i a multiple of 16?
False
Let r(v) = v**2 + 5*v. Let q be r(-6). Suppose k - 68 = q. Suppose 4*m = 54 + k. Does 16 divide m?
True
Let q(g) = 13*g**2 + g + 7. Let v(w) = 7*w**2 + w + 4. Let i(r) = -6*q(r) + 11*v(r). Is i(4) a multiple of 2?
True
Let i = -8 - -66. Is 23 a factor of i?
False
Let s = 11 - 7. Let n be (-16)/(-56) - (-19)/7. Suppose 0*m - n*a + 20 = m, s*m = 4*a. Is 4 a factor of m?
False
Suppose -q + c = -0*q - 132, c + 1 = 0. Is 16 a factor of q?
False
Let i = 13 - -7. Is 6 a factor of i?
False
Suppose -5*x + 2*a + 454 = 0, 6*a = -5*x + 3*a + 444. Is x a multiple of 9?
True
Let u(z) be the second derivative of -z**4/12 + z**3/6 + 3*z**2/2 + z. Let f be u(0). Suppose 12 = 4*y - f*y. Does 6 divide y?
True
Suppose 4*i = -2*b + 466, -3*b - 8*i + 705 = -4*i. Does 52 divide b?
False
Let v = -3 + 7. Suppose -6*s + v*s = -90. Does 13 divide s?
False
Does 7 divide (26/39)/((-2)/(-123))?
False
Suppose 27 = -4*v - 1. Let f = v - -10. Suppose -a + 4*c = -12, -4*c - 28 = -0*a - f*a. Is 6 a factor of a?
False
Let v be -1 - (-2 + (1 - -1)). Let w(z) = -z - 9. Let c be w(0). Is 4 a factor of 2/(c/12 - v)?
True
Let n(k) = -2*k**2 + k. Let d be n(1). Let c = 2 + d. Is -1 + c + 21 - 2 a multiple of 19?
True
Let s = 3 + 2. Suppose s*o - 62 = 2*m + 8, -2*o = -4*m - 44. Is 5 a factor of o?
False
Let v(b) = -b**3 - b**2 + 5*b + 3. Let n(q) be the second derivative of q**3/6 + 3*q**2/2 - q. Let u be n(-7). Is v(u) a multiple of 13?
False
Let u(k) = k**3 - 12*k**2 + 12*k - 11. Let d be u(11). Suppose d = -4*m + 5*m - 21. Does 21 divide m?
True
Let n(a) = 22*a**2 + a - 1. Let d(k) be the third derivative of 43*k**5/60 + k**4/12 - k**3/3 + 2*k**2. Let j(x) = 3*d(x) - 5*n(x). Is 8 a factor of j(1)?
False
Suppose h + 3*o - 64 = -10, o - 183 = -4*h. Is (-2 + (2 - -1))*h a multiple of 15?
True
Let r be (-279)/(-15) + 2/5. Let o = -34 + r. Let x = -3 - o. Does 7 divide x?
False
Suppose t + 4 = 3*t. Let u(d) = 5*d**3 - d. Let a be u(t). Suppose -5*b + v + a = -51, -14 = -b + 4*v. Is b a multiple of 6?
True
Let m(x) = 3*x**3 + 3*x**2 - 1. Let k be m(3). Suppose -2*o = k + 89. Let i = -65 - o. Is 13 a factor of i?
False
Suppose 3*h - 10 = 5*s + 2*h, -5*s + 10 = 3*h. Let m = s - -4. Suppose 4*l - 21 = m. Is 4 a factor of l?
False
Let p be (5/10)/((-1)/4). Let m = -3 - -4. Is 102/4 - m/p a multiple of 16?
False
Let w = 166 + -110. Is 20 a factor of w?
False
Is (-626)/(-6) + (-12)/(-18) a multiple of 15?
True
Suppose 0*f = -f + 97. Let i(n) = -n**2 + 11*n + 7. Let m be i(10). Suppose 4*y = f - m. Does 7 divide y?
False
Suppose 88 = 4*j - 3*h, 2*h - 4*h - 8 = 0. Let b = j + -7. Is 5 a factor of b?
False
Let g(v) = 4 + 2*v - 3*v**3 - 8*v**2 + 19*v**2 + 2*v**3 - 13*v. Let c be g(10). Is (c/(-2))/(12/56) a multiple of 5?
False
Let m(c) be the first derivative of 11*c**2/2 - 3*c - 2. Is 5 a factor of m(2)?
False
Suppose 5*n - 3*u + 0*u = 210, 3*n = 5*u + 126. Is 7 a factor of n?
True
Let z(g) = -g**3 - 16*g**2 - 7*g + 15. Is z(-16) a multiple of 16?
False
Let z = 23 + 39. Does 31 divide z?
True
Suppose -4*b + 4 = -5*b. Let o(i) = 2*i**2 + 2*i - 3. Does 9 divide o(b)?
False
Let m = 30 + -10. Let c = m + -4. Does 8 divide c?
True
Let f(t) = t**3 + 3*t**2 - 5*t - 5. Let z be f(-4). Let n be z/((-3)/714*2). Suppose 3*h = -4*o + 6*h + n, -2*o + h + 61 = 0. Is o a multiple of 16?
True
Let g be ((-2)/3)/((-2)/99). Suppose 5*j = -4*s - g + 322, 0 = 4*s + 2*j - 274. Is s a multiple of 26?
False
Let v be (-5)/((-5)/3) + 0. Suppose v*p = -2*p, 2*i = -5*p + 66. Is i a multiple of 11?
True
Suppose -3*u = -5*b + 15, -4*b = -7*b + 2*u + 8. Does 2 divide b?
True
Suppose -5*a - 18 = -g + 3, 0 = 5*g + 2*a - 24. Is 6 a factor of g?
True
Let u(x) = 4*x**2 + 9*x + 9. Let i be u(-7). Suppose 4*c + 0*c - i = 2*q, -q - 179 = -5*c. Is c a multiple of 18?
True
Let b = 17 + -11. Suppose 0 = 3*v - b*v + 45. Is v a multiple of 5?
True
Let i(o) = -4*o - 1. Let b = -1 - 2. Does 3 divide i(b)?
False
Let j = -27 + 39. Is j a multiple of 4?
True
Is 9 a factor of (-23)/(-2) - 1/(-2)?
False
Let v(c) = -6 + 5*c + 10*c + 3 + 0. Does 9 divide v(2)?
True
Let r = -7 - -31. Is r a multiple of 12?
True
Let g = 15 + -6. Suppose 4*y + 60 = g*y. Does 6 divide y?
True
Suppose 5*l - 20 = -5. Let x = l - -27. Does 10 divide x?
True
Let h(p) = 4*p + 5. Let g be h(8). Let j = g - 25. Let x = j + -6. Does 6 divide x?
True
Suppose 62 = -4*m + 5*l, -l + 68 = -4*m + l. Let b = m - -5. Let x = b + 21. Is x a multiple of 3?
False
Let a(y) = 46*y - 2. Let m be a(1). Suppose -t - 3*b - b + m = 0, 0 = -t + 3*b + 9. Is t a multiple of 24?
True
Let g = -18 - -28. Let x(a) = 12*a + a - 2*a - a**3 + 9*a**2 - 7 + 0. Does 2 divide x(g)?
False
Let c be -1*(0 + -2)*2. Suppose 101 = 2*j - k, j + k + 152 = c*j. Is j a multiple of 17?
True
Let o = -172 + 492. Is o a multiple of 32?
True
Suppose -k = 14 - 43. Suppose -2*z + 4*m = m + 20, 0 = -3*m. Let f = k + z. Is 11 a factor of f?
False
Let s(u) = -3*u + 9. Let p(r) = r**3 - 3*r**2 + 3*r. Let f be p(2). Suppose t + 0*t = -3*n - 10, 0 = -2*t - f*n - 16. Is s(t) a multiple of 14?
False
Let v be (-2)/(-8) - 38/(-8). Suppose -36 = v*t - 1. Let c(u) = u**3 + 6*u**2 - 8*u + 6. Is 13 a factor of c(t)?
True
Suppose -27*h = -26*h - 44. Does 34 divide h?
False
Suppose x - 33 = -10. Is 8 a factor of x?
False
Suppose -2*m + 99 = -5*q, -3*m + m - 5*q = -49. Let s = 82 - m. Is s a multiple of 10?
False
Let z(j) = -15*j. Let u be z(-1). Suppose -w - 4*w - u = 0. Is 15 a factor of w/6 + (-122)/(-4)?
True
Suppose -2*r = 2 - 8. Let p be 8/(-6)*(-9)/6. Suppose 14 = r*o - p*o. Is 7 a factor of o?
True
Let k(z) = -23*z - 13. Is 22 a factor of k(-5)?
False
Suppose 4 - 202 = -3*h. Is 12 a factor of h?
False
Suppose 2*a + 6 = 4*k, 2*a + 0*a - 3 = -5*k. Let y(m) = 14*m**2 - 1. Is y(a) a multiple of 12?
False
Let d = -10 - -6. Let n be (0 + 0 + -1)*-1. Is (d/n)/2 + 34 a multiple of 9?
False
Suppose -4*z + 12 = 5*n + 2, 4*n - 8 = -z. Is 37 - -1*z/(-2) a multiple of 12?
False
Let t(y) be the second derivative of -4*y**5/5 + y**4/12 + 8*y. Let h be 6/(-4) - 2/(-4). Does 6 divide t(h)?
False
Let s = -22 - -38. Does 4 divide s?
True
Suppose 15*p - 43 = -3*x + 13*p, -3*p - 46 = -4*x. Is 13 a factor of x?
True
Let i(r) = -2*r - 19. Let h be i(-9). Let t(c) = -10*c**3 + c**2 + 2*c + 1. Is t(h) a multiple of 5?
True
Suppose 0*q - 2*c - 5 = -q, q - 8 = 5*c. Let u be (-1 - -6) + (-28 - -26). Suppose z = -2*z - u*n + 39, z = -3*n + q. Is 6 a factor of z?
True
Suppose 5*d - 3*g - 145 = 2*g, 4*g = -4*d + 84. Does 3 divide d?
False
Suppose -s = -0*d + d - 40, 3*d = -s + 48. Is s a multiple of 12?
True
Let s = -5 - -1. Is (s/3)/((-6)/90) a multiple of 10?
True
Let t(b) = 4*b + 3. Let g be t(3). Let o be (0 - g/(-9))*3. Suppose 38 = o*v - 32. Is v a multiple of 7?
True
Is 91/(-7)*(-7 - -2) a multiple of 13?
True
Let c(p) = p**2 - 5*p + 6. Let s be c(4). Suppose -s*a = v - 0*v - 22, -28 = -v - 5*a. Is 9 a factor of v?
True
Let b = 16 + -8. Suppose 0 = -2*z - 2*s + 20, -b = -2*s + 2. Suppose 0*n + z*u = 5*n - 145, -n + 33 = 3*u. Is n a multiple of 13?
False
Let h be (-156)/(-7) + (-4)/14. Suppose l = -2, -h = 2*o + 2*o + 3*l. Is (-5)/(1 - (-6)/o) a multiple of 5?
True
Suppose -2*l + l = -63. Is l a multiple of 27?
False
Suppose -2*r + 5*r = 45. Is 4 a factor of r?
False
Suppose -5*r + 3*w + 0*w - 7 = 0, 0 = -4*w + 16. Let c = r + -6. Is (-4)/c*285/6 a multiple of 19?
True
Suppose -2*o = -7*o - 25, -z = -5*o - 36. Suppose z*x - 60 = 8*x. Is x a multiple of 13?
False
Let j(a) = -a**2 - 4*a + 4*a + 4*a**2 + a. Let k be j(-2). Suppose -2*y + 3*u + k + 24 = 0, -y + 5*u + 24 = 0. Is y a multiple of 14?
True
Let f(m) = m**3 + m**2 - m + 36. Is f(0) a multiple of 15?
False
Suppose -86 = 3*v - 14. Let k = v - -34. Does 5 divide k?
True
Suppose 4*t - 569 - 583 = 0. Suppose 2*x = -0*x + t. Suppose 3*q = -q + x. Is 12 a factor of q?
True
Let l(i) = -25*i + 9. Let d(c) = 13*c - 4. Let p(q) = 5*d(q) + 2*l(q). Is 12 a factor of p(1)?
False
Suppose -2*r + 5*c = 1, 3*r + 2*c + 2 + 9 = 0. Is 4 a factor of (r/1)/((-4)/12)?
False
Let u(c) = -c**2 + 10*c - 1. Let m be (-1)/3 + (-88)/6. Let s = m - -22. Is 10 a factor of u(s)?
True
Suppose 3*u - 10 = -2*u. Does 14 divide (u/3)/((-8)/(-372)